{"id":7129,"date":"2026-04-30T07:43:14","date_gmt":"2026-04-30T06:43:14","guid":{"rendered":"https:\/\/festsaal.sc-v.de\/?post_type=tribe_events&#038;p=7129"},"modified":"2026-04-30T07:43:27","modified_gmt":"2026-04-30T06:43:27","slug":"the-12-tenors","status":"publish","type":"tribe_events","link":"https:\/\/festsaal.sc-v.de\/?tribe_events=the-12-tenors","title":{"rendered":"The 12 Tenors"},"content":{"rendered":"<p>The 12 Tenors \u2013 Legacy Tour<\/p>\n<p>Am Donnerstag, den 28.01.2027 um 20 Uhr gastieren The 12 Tenors im<br \/>\nTheater Ingolstadt.<\/p>\n<p>Legacy \u2013 das neue Tourthema der 12 Tenors passt perfekt zum Programm<br \/>\nder 12 Ausnahmes\u00e4nger. 12 Stimmen singen die gr\u00f6\u00dften Hits aller Zeiten<br \/>\nund verneigen sich damit vor dem Verm\u00e4chtnis der ganz gro\u00dfen K\u00fcnstler<br \/>\nmit weltbekannten klassischen Arien, romantischen Balladen sowie Rock-<br \/>\nund Pophymnen, die Musikgeschichte schrieben.<\/p>\n<p>Ihre Interpretationen von Welthits wie Puccinis \u201eNessun Dorma\u201c, Leonard<br \/>\nCohens \u201eHallelujah\u201c und diverse Tribute an die gro\u00dfen Stars der<br \/>\ninternationalen Musikszene, wie Beatles, Queen oder Michael Jackson,<br \/>\nzeigen einmal mehr das breite Spektrum und die Stimmgewalt dieser 12<br \/>\nTen\u00f6re!<\/p>\n<p>Begleitet von einer frisch verst\u00e4rkten Live-Band, gruppiert um ein<br \/>\nfeuerrotes Piano, mit nagelneuem B\u00fchnenbild und faszinierender<br \/>\nLichtshow zelebrieren die 12 Ten\u00f6re die Vielseitigkeit der Musik!<\/p>\n<p>Und Achtung Ladies: Sie sehen auch noch wahnsinnig gut aus!<\/p>\n<p>Ihre stimmliche Vielfalt und das umfangreiche Repertoire werden durch die<br \/>\nhumorvollen und charmanten Moderationen gekonnt in Szene gesetzt und<br \/>\nwer sie bereits kennt, wei\u00df: Der ein oder andere H\u00fcftschwung ist<br \/>\nmittlerweile schon legend\u00e4r. Und bald hei\u00dft es wieder: Ladies and<br \/>\nGentlemen, please welcome live on stage: THE 12 TENORS!<br \/>\nKarten im Vorverkauf erhalten Sie bei allen bekannten Vorverkaufsstellen.<br \/>\nDie Abendkasse \u00f6ffnet eine Stunde vor Beginn der Veranstaltung.<\/p>\n<p>Tickets und Infos auch unter <a href=\"http:\/\/www.star-concerts.de\">www.star-concerts.de<\/a>.<\/p>\n","protected":false},"excerpt":{"rendered":"<p>The 12 Tenors \u2013 Legacy Tour Am Donnerstag, den 28.01.2027 um 20 Uhr gastieren The 12 Tenors im Theater Ingolstadt. Legacy \u2013 das neue Tourthema der 12 Tenors passt perfekt &hellip; <\/p>\n<p class=\"link-more\"><a href=\"https:\/\/festsaal.sc-v.de\/?tribe_events=the-12-tenors\" class=\"more-link\"><span class=\"screen-reader-text\">\u201eThe 12 Tenors\u201c<\/span> weiterlesen<\/a><\/p>\n","protected":false},"author":3,"featured_media":0,"comment_status":"closed","ping_status":"closed","template":"","meta":{"_tribe_events_status":"","_tribe_events_status_reason":""},"tags":[],"tribe_events_cat":[3],"jetpack_sharing_enabled":true,"_links":{"self":[{"href":"https:\/\/festsaal.sc-v.de\/index.php?rest_route=\/wp\/v2\/tribe_events\/7129"}],"collection":[{"href":"https:\/\/festsaal.sc-v.de\/index.php?rest_route=\/wp\/v2\/tribe_events"}],"about":[{"href":"https:\/\/festsaal.sc-v.de\/index.php?rest_route=\/wp\/v2\/types\/tribe_events"}],"author":[{"embeddable":true,"href":"https:\/\/festsaal.sc-v.de\/index.php?rest_route=\/wp\/v2\/users\/3"}],"replies":[{"embeddable":true,"href":"https:\/\/festsaal.sc-v.de\/index.php?rest_route=%2Fwp%2Fv2%2Fcomments&post=7129"}],"version-history":[{"count":1,"href":"https:\/\/festsaal.sc-v.de\/index.php?rest_route=\/wp\/v2\/tribe_events\/7129\/revisions"}],"predecessor-version":[{"id":7130,"href":"https:\/\/festsaal.sc-v.de\/index.php?rest_route=\/wp\/v2\/tribe_events\/7129\/revisions\/7130"}],"wp:attachment":[{"href":"https:\/\/festsaal.sc-v.de\/index.php?rest_route=%2Fwp%2Fv2%2Fmedia&parent=7129"}],"wp:term":[{"taxonomy":"post_tag","embeddable":true,"href":"https:\/\/festsaal.sc-v.de\/index.php?rest_route=%2Fwp%2Fv2%2Ftags&post=7129"},{"taxonomy":"tribe_events_cat","embeddable":true,"href":"https:\/\/festsaal.sc-v.de\/index.php?rest_route=%2Fwp%2Fv2%2Ftribe_events_cat&post=7129"}],"curies":[{"name":"wp","href":"https:\/\/api.w.org\/{rel}","templated":true}]}}

<p>The 12 Tenors – Legacy Tour</p>
<p>Am Donnerstag, den 28.01.2027 um 20 Uhr gastieren The 12 Tenors im<br />
Theater Ingolstadt.</p>
<p>Legacy – das neue Tourthema der 12 Tenors passt perfekt zum Programm<br />
der 12 Ausnahmesänger. 12 Stimmen singen die größten Hits aller Zeiten<br />
und verneigen sich damit vor dem Vermächtnis der ganz großen Künstler<br />
mit weltbekannten klassischen Arien, romantischen Balladen sowie Rock-<br />
und Pophymnen, die Musikgeschichte schrieben.</p>
<p>Ihre Interpretationen von Welthits wie Puccinis „Nessun Dorma“, Leonard<br />
Cohens „Hallelujah“ und diverse Tribute an die großen Stars der<br />
internationalen Musikszene, wie Beatles, Queen oder Michael Jackson,<br />
zeigen einmal mehr das breite Spektrum und die Stimmgewalt dieser 12<br />
Tenöre!</p>
<p>Begleitet von einer frisch verstärkten Live-Band, gruppiert um ein<br />
feuerrotes Piano, mit nagelneuem Bühnenbild und faszinierender<br />
Lichtshow zelebrieren die 12 Tenöre die Vielseitigkeit der Musik!</p>
<p>Und Achtung Ladies: Sie sehen auch noch wahnsinnig gut aus!</p>
<p>Ihre stimmliche Vielfalt und das umfangreiche Repertoire werden durch die<br />
humorvollen und charmanten Moderationen gekonnt in Szene gesetzt und<br />
wer sie bereits kennt, weiß: Der ein oder andere Hüftschwung ist<br />
mittlerweile schon legendär. Und bald heißt es wieder: Ladies and<br />
Gentlemen, please welcome live on stage: THE 12 TENORS!<br />
Karten im Vorverkauf erhalten Sie bei allen bekannten Vorverkaufsstellen.<br />
Die Abendkasse öffnet eine Stunde vor Beginn der Veranstaltung.</p>
<p>Tickets und Infos auch unter <a href="http://www.star-concerts.de">www.star-concerts.de</a>.</p>
