{"id":5528,"date":"2024-05-02T12:00:45","date_gmt":"2024-05-02T11:00:45","guid":{"rendered":"https:\/\/festsaal.sc-v.de\/?post_type=tribe_events&#038;p=5528"},"modified":"2025-12-19T08:14:37","modified_gmt":"2025-12-19T07:14:37","slug":"gko-abo-10-2","status":"publish","type":"tribe_events","link":"https:\/\/festsaal.sc-v.de\/?tribe_events=gko-abo-10-2","title":{"rendered":"Kammerphilharmonie Ingolstadt &#8211; ABO Konzert 10"},"content":{"rendered":"<p><img decoding=\"async\" loading=\"lazy\" class=\"alignnone size-medium wp-image-6266\" src=\"https:\/\/i0.wp.com\/festsaal.sc-v.de\/wp-content\/uploads\/2024\/05\/Ariel_Floete_cNikolaj-Lund.jpg?resize=200%2C300\" alt=\"\" width=\"200\" height=\"300\" srcset=\"https:\/\/i0.wp.com\/festsaal.sc-v.de\/wp-content\/uploads\/2024\/05\/Ariel_Floete_cNikolaj-Lund-scaled.jpg?resize=200%2C300&amp;ssl=1 200w, https:\/\/i0.wp.com\/festsaal.sc-v.de\/wp-content\/uploads\/2024\/05\/Ariel_Floete_cNikolaj-Lund-scaled.jpg?resize=683%2C1024&amp;ssl=1 683w, https:\/\/i0.wp.com\/festsaal.sc-v.de\/wp-content\/uploads\/2024\/05\/Ariel_Floete_cNikolaj-Lund-scaled.jpg?resize=768%2C1151&amp;ssl=1 768w, https:\/\/i0.wp.com\/festsaal.sc-v.de\/wp-content\/uploads\/2024\/05\/Ariel_Floete_cNikolaj-Lund-scaled.jpg?resize=1025%2C1536&amp;ssl=1 1025w, https:\/\/i0.wp.com\/festsaal.sc-v.de\/wp-content\/uploads\/2024\/05\/Ariel_Floete_cNikolaj-Lund-scaled.jpg?resize=1366%2C2048&amp;ssl=1 1366w, https:\/\/i0.wp.com\/festsaal.sc-v.de\/wp-content\/uploads\/2024\/05\/Ariel_Floete_cNikolaj-Lund-scaled.jpg?w=1708&amp;ssl=1 1708w, https:\/\/i0.wp.com\/festsaal.sc-v.de\/wp-content\/uploads\/2024\/05\/Ariel_Floete_cNikolaj-Lund-scaled.jpg?w=1575 1575w\" sizes=\"(max-width: 200px) 100vw, 200px\" data-recalc-dims=\"1\" \/><\/p>\n<p>Seine Darbietungen der Fl\u00f6tenkonzerte von Carl Philipp Emanuel Bach haben bereits viel Aufsehen erregt. Beim gro\u00dfen Saisonfinale gestaltet nun GKO-Chefdirigent und Fl\u00f6tist Ariel Zuckermann Fl\u00f6tenkonzerte von Weinberg und Mozart.<\/p>\n<p>Johann Chr. Bach:<br \/>\nSinfonia g-Moll op.6 Nr. 6<\/p>\n<p>Wolfgang Amadeus Mozart:<br \/>\nFl\u00f6tenkonzert Nr. 2 D-Dur<\/p>\n<p>Mieczys\u0142aw Weinberg:<br \/>\nFl\u00f6tenkonzert Nr. 1 op. 75<\/p>\n<p>Joseph Haydn:<br \/>\nSinfonie Nr. 49 f-Moll &#8222;La Passione&#8220;<\/p>\n<p><strong>Ariel Zuckermann: Fl\u00f6te &amp; Leitung<\/strong><\/p>\n<p>&nbsp;<\/p>\n<p>&nbsp;<\/p>\n","protected":false},"excerpt":{"rendered":"<p>Seine Darbietungen der Fl\u00f6tenkonzerte von Carl Philipp Emanuel Bach haben bereits viel Aufsehen erregt. Beim gro\u00dfen Saisonfinale gestaltet nun GKO-Chefdirigent und Fl\u00f6tist Ariel Zuckermann Fl\u00f6tenkonzerte von Weinberg und Mozart. Johann &hellip; <\/p>\n<p class=\"link-more\"><a href=\"https:\/\/festsaal.sc-v.de\/?tribe_events=gko-abo-10-2\" class=\"more-link\"><span class=\"screen-reader-text\">\u201eKammerphilharmonie Ingolstadt &#8211; ABO Konzert 10\u201c<\/span> weiterlesen<\/a><\/p>\n","protected":false},"author":3,"featured_media":0,"comment_status":"closed","ping_status":"closed","template":"","meta":{"_tribe_events_status":"","_tribe_events_status_reason":""},"tags":[],"tribe_events_cat":[3],"jetpack_sharing_enabled":true,"_links":{"self":[{"href":"https:\/\/festsaal.sc-v.de\/index.php?rest_route=\/wp\/v2\/tribe_events\/5528"}],"collection":[{"href":"https:\/\/festsaal.sc-v.de\/index.php?rest_route=\/wp\/v2\/tribe_events"}],"about":[{"href":"https:\/\/festsaal.sc-v.de\/index.php?rest_route=\/wp\/v2\/types\/tribe_events"}],"author":[{"embeddable":true,"href":"https:\/\/festsaal.sc-v.de\/index.php?rest_route=\/wp\/v2\/users\/3"}],"replies":[{"embeddable":true,"href":"https:\/\/festsaal.sc-v.de\/index.php?rest_route=%2Fwp%2Fv2%2Fcomments&post=5528"}],"version-history":[{"count":4,"href":"https:\/\/festsaal.sc-v.de\/index.php?rest_route=\/wp\/v2\/tribe_events\/5528\/revisions"}],"predecessor-version":[{"id":6836,"href":"https:\/\/festsaal.sc-v.de\/index.php?rest_route=\/wp\/v2\/tribe_events\/5528\/revisions\/6836"}],"wp:attachment":[{"href":"https:\/\/festsaal.sc-v.de\/index.php?rest_route=%2Fwp%2Fv2%2Fmedia&parent=5528"}],"wp:term":[{"taxonomy":"post_tag","embeddable":true,"href":"https:\/\/festsaal.sc-v.de\/index.php?rest_route=%2Fwp%2Fv2%2Ftags&post=5528"},{"taxonomy":"tribe_events_cat","embeddable":true,"href":"https:\/\/festsaal.sc-v.de\/index.php?rest_route=%2Fwp%2Fv2%2Ftribe_events_cat&post=5528"}],"curies":[{"name":"wp","href":"https:\/\/api.w.org\/{rel}","templated":true}]}}

<p><img decoding="async" loading="lazy" class="alignnone size-medium wp-image-6266" src="https://i0.wp.com/festsaal.sc-v.de/wp-content/uploads/2024/05/Ariel_Floete_cNikolaj-Lund.jpg?resize=200%2C300" alt="" width="200" height="300" srcset="https://i0.wp.com/festsaal.sc-v.de/wp-content/uploads/2024/05/Ariel_Floete_cNikolaj-Lund-scaled.jpg?resize=200%2C300&amp;ssl=1 200w, https://i0.wp.com/festsaal.sc-v.de/wp-content/uploads/2024/05/Ariel_Floete_cNikolaj-Lund-scaled.jpg?resize=683%2C1024&amp;ssl=1 683w, https://i0.wp.com/festsaal.sc-v.de/wp-content/uploads/2024/05/Ariel_Floete_cNikolaj-Lund-scaled.jpg?resize=768%2C1151&amp;ssl=1 768w, https://i0.wp.com/festsaal.sc-v.de/wp-content/uploads/2024/05/Ariel_Floete_cNikolaj-Lund-scaled.jpg?resize=1025%2C1536&amp;ssl=1 1025w, https://i0.wp.com/festsaal.sc-v.de/wp-content/uploads/2024/05/Ariel_Floete_cNikolaj-Lund-scaled.jpg?resize=1366%2C2048&amp;ssl=1 1366w, https://i0.wp.com/festsaal.sc-v.de/wp-content/uploads/2024/05/Ariel_Floete_cNikolaj-Lund-scaled.jpg?w=1708&amp;ssl=1 1708w, https://i0.wp.com/festsaal.sc-v.de/wp-content/uploads/2024/05/Ariel_Floete_cNikolaj-Lund-scaled.jpg?w=1575 1575w" sizes="(max-width: 200px) 100vw, 200px" data-recalc-dims="1" /></p>
<p>Seine Darbietungen der Flötenkonzerte von Carl Philipp Emanuel Bach haben bereits viel Aufsehen erregt. Beim großen Saisonfinale gestaltet nun GKO-Chefdirigent und Flötist Ariel Zuckermann Flötenkonzerte von Weinberg und Mozart.</p>
<p>Johann Chr. Bach:<br />
Sinfonia g-Moll op.6 Nr. 6</p>
<p>Wolfgang Amadeus Mozart:<br />
Flötenkonzert Nr. 2 D-Dur</p>
<p>Mieczysław Weinberg:<br />
Flötenkonzert Nr. 1 op. 75</p>
<p>Joseph Haydn:<br />
Sinfonie Nr. 49 f-Moll &#8222;La Passione&#8220;</p>
<p><strong>Ariel Zuckermann: Flöte &amp; Leitung</strong></p>
<p>&nbsp;</p>
<p>&nbsp;</p>

<p>Seine Darbietungen der Flötenkonzerte von Carl Philipp Emanuel Bach haben bereits viel Aufsehen erregt. Beim großen Saisonfinale gestaltet nun GKO-Chefdirigent und Flötist Ariel Zuckermann Flötenkonzerte von Weinberg und Mozart. Johann &hellip; </p>
<p class="link-more"><a href="https://festsaal.sc-v.de/?tribe_events=gko-abo-10-2" class="more-link"><span class="screen-reader-text">„Kammerphilharmonie Ingolstadt &#8211; ABO Konzert 10“</span> weiterlesen</a></p>
